(y) be the first derivative of y**4/4 - 5*y**3/3 + y**2 + y - 1. Is g(o) composite?
False
Suppose -5*c = -91843 - 51162. Is c composite?
True
Let n(f) be the third derivative of f**6/120 + f**5/3 + 3*f**4/8 - 11*f**3/6 - 2*f**2. Let m be 60/20*(-1 + (-11)/3). Is n(m) a composite number?
False
Suppose 2*v = 2*n - 3630, 6*v - 7269 = -4*n + v. Let g = -665 + n. Is g a prime number?
True
Suppose 0 = 3*l - 11161 + 2398. Is l a prime number?
False
Suppose -18*x + 287218 + 128456 = 0. Is x composite?
True
Suppose -180 = -4*q + 144. Suppose -5*h - 19 = q. Is (-75)/h + (-6)/8 composite?
False
Let b(p) = p**2 + 17*p + 20. Let y be b(-16). Suppose -y*q = -3*o - 723, -27 = q + 2*o - 194. Is q composite?
True
Let d = -48 - -53. Suppose d*x = 1237 + 18. Is x prime?
True
Suppose 0 = -6*l + 221916 - 17622. Is l a prime number?
False
Let v = 90 + -81. Let b(m) = 17*m + 38. Is b(v) a prime number?
True
Let z be (1 + -1)/(-1 - 0). Suppose -3*a - 774 = -5*y, -y + 4*a + 110 + 38 = z. Is 1 + 3 + -3 + y prime?
True
Let t = 1546 - 653. Is t composite?
True
Suppose 2*x - 3 = -x. Suppose q = -4 + x. Is 35 + q - 6/(-2) composite?
True
Let d be (12 - -2)/(2/1). Let n(o) = 6*o + 2*o**2 + 0*o**2 - d - 3*o**2 + 3*o**2. Is n(7) a composite number?
True
Let a be 4/22 + 652/44. Suppose 4*r - y - 33 = a, -r + y = -9. Is r a composite number?
False
Let b(f) = -873*f - 205. Is b(-39) composite?
True
Suppose 2*h - 28 = -0*h. Is 21/h*4322/3 composite?
False
Let s(x) = -6*x - 40. Let f be s(-7). Let q(u) = -u**2 + u + 76. Let d be q(0). Suppose 0*m = f*m - d. Is m a prime number?
False
Suppose -10*a = 16*a - 53170. Is a a prime number?
False
Let z = -123 - -202. Let k = -43 - 3. Let m = z + k. Is m prime?
False
Suppose 5*q + r = -453, 2*q + 8*r - 4*r = -192. Let g = q - -155. Suppose 2*z - g = -3*z. Is z a composite number?
False
Let c(m) = m**3 - 4*m**2 - 5*m. Let u be c(5). Suppose -5*r = -u*r - 11205. Suppose 2*f - 1495 = -2*n - f, 4*f - r = -3*n. Is n a composite number?
False
Let m = 9 - 4. Let d(q) = -5*q + 9 + 8*q - q**2 + 3*q - 4. Is d(m) prime?
False
Suppose 5*c = 1 + 4. Is (-2 - -4) + 316 - -3*c prime?
False
Let t = -2813 + 41266. Is t a prime number?
True
Suppose 0 = -4*q + 2*h + 4179 + 5639, -2*h = 2*q - 4912. Is q prime?
False
Let a = -14529 + 31658. Is a composite?
True
Is (-875457)/(-11) - (9 + -5) prime?
False
Suppose -12350 = -z + 3077. Is z composite?
False
Let r(c) = c - 32. Let a be r(29). Let p be (-26)/((-4)/2)*14. Is a/(-2)*p/21 a prime number?
True
Let n(h) = h**3 + h**2 - h - 42. Let y be n(0). Let j be y/4*4/(-3). Is ((-2667)/j)/((-1)/2) a prime number?
False
Let b(p) = -8*p**3 - 2*p**2 + p - 1. Suppose -3*f - 4*a = 6, -2*f = 2*f - 4*a + 8. Is b(f) a prime number?
True
Suppose 3*t + 3*l - 1022 = t, 3*l = 3*t - 1548. Suppose 5*p = -3*n + 4*n - t, 4*p = 4*n - 2008. Is n a prime number?
True
Suppose -3*x = -4*z + 676, -2*x + 4*z = -158 + 610. Suppose 297*w - 295*w + 194 = 0. Let i = w - x. Is i a prime number?
True
Let u(l) = -2*l**3 + 8*l**2 - 9*l - 34. Is u(-9) a prime number?
True
Is 5599*3 - (-4 - -3)*4 composite?
True
Let y(l) = l**3 - 18*l**2 + 15*l + 36. Let t be y(17). Suppose 2*z + 2*g = 2170, t*g + 3 = -1. Is z prime?
True
Let k(r) = 718*r**2 - 5*r - 3. Is k(-2) prime?
True
Let t be -1 - ((-44)/8)/(1/(-2)). Is (3 - 2) + 2724*(-8)/t a composite number?
True
Let k be (-2)/10 + (-5252)/(-10). Let z = -312 + k. Is z a composite number?
True
Let r(j) = -j**3 + 5*j**2 - 2*j. Let v be r(3). Suppose 22 = z + 5*m, 2*z = -2*z - m + 12. Suppose -z*h = -154 + v. Is h a composite number?
False
Suppose 0 = -5*b - 2*t + 10937, 0*t - 6555 = -3*b - 3*t. Is b prime?
False
Let j(p) = 324*p + 347. Is j(17) prime?
False
Suppose 2*j + j - 9 = 0. Suppose j*c + 2*g - 10 = 0, -4*c - 5*g + 23 = -2. Suppose -l + 5*l - 3*w - 136 = c, 193 = 5*l + 2*w. Is l a composite number?
False
Suppose -d + 5*c + 18962 = 0, 16*c + 75776 = 4*d + 20*c. Is d prime?
True
Let u = -19 + 18. Let b be u/3*(8 - -1). Is 3/(-9)*b*223 a composite number?
False
Let d = 68486 - 39129. Is d composite?
True
Suppose 0 = -5*s - 15 + 25. Let i(h) = h + 56. Let p be i(0). Let c = p + s. Is c prime?
False
Let s(o) = -o**3 + 5*o**2 + 7*o - 4. Let c be s(6). Suppose 1466 = c*y + 4*r, -5*r = -4*y + 2*y + 1511. Is y a prime number?
True
Suppose -2*h - 904 = -4*h. Let q be (-2778)/9 + 10/(-30). Let o = q + h. Is o composite?
True
Suppose -4*z - 4*v = -10 - 30, 5*z - 35 = -2*v. Is 2 + 2236 - (-1 - (-10 + z)) a prime number?
False
Is (-45)/27*(284672/(-5) - -1) composite?
False
Suppose -5*b - 27 = -4*y, -7*b - y - 12 = -2*b. Is 159 - (b - 1 - -6) prime?
True
Suppose 3*n = 2*l + 17327, -5*n + 28910 = -9*l + 12*l. Is n a prime number?
True
Suppose -2*p - 2*p - 2*n - 6 = 0, 3 = -4*p - n. Is 12/6 + p + 65 a composite number?
False
Suppose 5*h - 1974 = 5*z - 9539, -3*z + h + 4547 = 0. Is z composite?
True
Let v = 1381 - -672. Is v a composite number?
False
Is 29817061/133 - (-12)/21 prime?
False
Suppose -10*x + 11*x - 14 = 0. Let w be 1*(-2 + x - 3). Suppose -5*t + w*t = 2876. Is t a prime number?
True
Suppose 0 = 8*i + 49 - 9. Let r = 35 + -51. Let m = i - r. Is m a composite number?
False
Let r = 3522 - -2063. Is r a composite number?
True
Let a(g) = -g**3 - 13*g**2 + 21*g + 45. Is a(-26) prime?
True
Let m(t) be the first derivative of -10*t**3 + t**2/2 + 9*t + 8. Let d(h) be the first derivative of m(h). Is d(-8) a prime number?
False
Is 9/(-3) + -236*(-15)/6 composite?
False
Let m(c) = 6*c**3 - 42*c**2 + 26*c + 53. Is m(19) composite?
False
Let u(b) = 861*b - 40. Is u(5) composite?
True
Let h(j) = 3*j - 6. Let q be h(3). Suppose -4 = i, 3*w + q*i + 2 = i. Suppose w*f - 480 = 934. Is f a prime number?
False
Suppose 5*o - 647 = 478. Suppose 1252 + o = 7*z. Is z a prime number?
True
Let i(p) = -72*p + 21. Let y(r) = 649*r - 187. Let c(v) = 44*i(v) + 5*y(v). Is c(2) a composite number?
True
Suppose 11*o + 11*o - 150634 = 0. Is o prime?
False
Let m(a) = -55*a - 19. Suppose 5*o + 6 = 11, 5*o - 17 = b. Is m(b) a composite number?
False
Suppose 52*y = 32*y + 421100. Is y a prime number?
False
Let b(c) = 5*c**3 + 12*c**2 + 13*c - 13. Suppose -5*d + 4*d = -6. Let r(w) = w**3 + w**2 + w - 1. Let k(f) = d*r(f) - b(f). Is k(7) prime?
True
Suppose 3*k = -5*w + 2*w + 3471, 3*w - 4*k - 3450 = 0. Is w a prime number?
False
Let c(h) = 28*h - 17. Suppose 2*r - a = -4*a + 11, 4*r + 4*a - 24 = 0. Is c(r) prime?
True
Let n = -154 - -152. Is (-3156)/(4 - 10)*(-1)/n a prime number?
True
Suppose 0 = 2*x + 2*z - 13278, -7*z + 11*z - 16 = 0. Is x a composite number?
True
Suppose 4*j - 5*t - 85528 = 0, 14*j - 16*j = 4*t - 42738. Is j a prime number?
True
Let j(c) = c**2 + 6*c. Let l be j(-6). Suppose -5*v = l, -v - 8 = -2*z - 4*v. Suppose -z*h - h = -395. Is h a prime number?
True
Suppose 5*l - 2100 = 4*t, -4*t + 1491 - 199 = 3*l. Let g = -285 + l. Is g prime?
True
Let i be ((-2)/(-1) - 3)*7. Let m = i + 6. Let r(t) = -54*t - 1. Is r(m) a prime number?
True
Suppose -x + 550 = 144. Suppose 2*z + x = 2148. Is z a prime number?
False
Suppose -5*r + r = -4*x - 4964, -5*x + 10 = 0. Is r prime?
False
Suppose -4*y - 5*m + 31 = 0, 6*m - 3*m - 42 = -5*y. Let j be (6/y)/(4/90). Let q = j - 5. Is q a prime number?
False
Let u(o) = -21*o**3 - 2*o - 1. Let w be u(-1). Let f(y) = -2*y**2 - 12 + w*y + 10*y**2 - 7*y. Is f(13) a composite number?
True
Let w be 4/(-18) - 335/(-9). Let s = -17 + w. Let f = 54 - s. Is f composite?
True
Suppose -4*a + 5011 = -3*g, -5*a + 5*g = -3226 - 3034. Is a composite?
True
Let d = -1 + 6. Let n be (-1*(-5)/(-10))/((-1)/(-2)). Is (d + n)*(-166)/(-8) composite?
False
Let a = -417 + 731. Is a prime?
False
Let x(f) = 8*f**2 - f + 2. Let g be x(1). Suppose -g*m + 5634 - 1521 = 0. Is m prime?
True
Let q be (-2)/(-2)*(14 + 1). Let a be 7/(-2)*(-3 - -9). Is (a/(-9))/(5/q) a prime number?
True
Let o = -10 - 10. Is (-37150)/o - ((-15)/6)/5 a composite number?
True
Suppose -225896 = -61*a + 5477. Is a a composite number?
False
Suppose -4*l + 4 = 4*s - 7*l, -3*s - 5*l + 32 = 0. Suppose 2*w + 279 = x + 7*w, s*w = -3*x + 837. Suppose 0 = 3*c - 3 - x. Is c a prime number?
False
Let d(b) be the third derivative of -b**6/120 + 13*b**5/60 - b**4/4 + 5*b**3/2 - 4*b**2. Is d(11) composite?
False
Let y be (1 + 27)*((-3)/6)/(-1). Is 4/(-14) + 203